{"id":3,"date":"2020-03-02T16:01:08","date_gmt":"2021-01-30T00:43:39","guid":{"rendered":"https:\/\/dev.ccnatacion.com\/storage_prov\/img\/?page_id=3"},"modified":"2023-03-08T17:02:45","modified_gmt":"2023-03-08T23:02:45","slug":"politica-privacidad","status":"publish","type":"page","link":"https:\/\/www.ccnatacion.com\/storage_prov\/politica-privacidad\/","title":{"rendered":"Pol\u00edtica de privacidad"},"content":{"rendered":"","protected":false},"excerpt":{"rendered":"","protected":false},"author":8,"featured_media":0,"parent":0,"menu_order":0,"comment_status":"closed","ping_status":"open","template":"page-politicas-y-aviso-de-privacidad.php","meta":{"_joinchat":{"view":"no"},"footnotes":""},"class_list":["post-3","page","type-page","status-publish","hentry"],"yoast_head":"<!-- This site is optimized with the Yoast SEO plugin v23.6 - https:\/\/yoast.com\/wordpress\/plugins\/seo\/ -->\n<title>Pol\u00edtica de privacidad - Club Ca\u00f1ada Nataci\u00f3n<\/title>\n<meta name=\"robots\" content=\"index, follow, max-snippet:-1, max-image-preview:large, max-video-preview:-1\" \/>\n<link rel=\"canonical\" href=\"https:\/\/www.ccnatacion.com\/storage_prov\/politica-privacidad\/\" \/>\n<meta property=\"og:locale\" content=\"es_MX\" \/>\n<meta property=\"og:type\" content=\"article\" \/>\n<meta property=\"og:title\" content=\"Pol\u00edtica de privacidad - Club Ca\u00f1ada Nataci\u00f3n\" \/>\n<meta property=\"og:url\" content=\"https:\/\/www.ccnatacion.com\/storage_prov\/politica-privacidad\/\" \/>\n<meta property=\"og:site_name\" content=\"Club Ca\u00f1ada Nataci\u00f3n\" \/>\n<meta property=\"article:modified_time\" content=\"2023-03-08T23:02:45+00:00\" \/>\n<meta name=\"twitter:card\" content=\"summary_large_image\" \/>\n<script type=\"application\/ld+json\" class=\"yoast-schema-graph\">{\"@context\":\"https:\/\/schema.org\",\"@graph\":[{\"@type\":\"WebPage\",\"@id\":\"https:\/\/www.ccnatacion.com\/storage_prov\/politica-privacidad\/\",\"url\":\"https:\/\/www.ccnatacion.com\/storage_prov\/politica-privacidad\/\",\"name\":\"Pol\u00edtica de privacidad - Club Ca\u00f1ada Nataci\u00f3n\",\"isPartOf\":{\"@id\":\"https:\/\/www.ccnatacion.com\/storage_prov\/#website\"},\"datePublished\":\"2021-01-30T00:43:39+00:00\",\"dateModified\":\"2023-03-08T23:02:45+00:00\",\"breadcrumb\":{\"@id\":\"https:\/\/www.ccnatacion.com\/storage_prov\/politica-privacidad\/#breadcrumb\"},\"inLanguage\":\"es\",\"potentialAction\":[{\"@type\":\"ReadAction\",\"target\":[\"https:\/\/www.ccnatacion.com\/storage_prov\/politica-privacidad\/\"]}]},{\"@type\":\"BreadcrumbList\",\"@id\":\"https:\/\/www.ccnatacion.com\/storage_prov\/politica-privacidad\/#breadcrumb\",\"itemListElement\":[{\"@type\":\"ListItem\",\"position\":1,\"name\":\"Inicio\",\"item\":\"https:\/\/www.ccnatacion.com\/storage_prov\/\"},{\"@type\":\"ListItem\",\"position\":2,\"name\":\"Pol\u00edtica de privacidad\"}]},{\"@type\":\"WebSite\",\"@id\":\"https:\/\/www.ccnatacion.com\/storage_prov\/#website\",\"url\":\"https:\/\/www.ccnatacion.com\/storage_prov\/\",\"name\":\"Club Ca\u00f1ada Nataci\u00f3n\",\"description\":\"Escuela de Nataci\u00f3n Club Ca\u00f1ada. Con m\u00e1s de 20 a\u00f1os de experiencia desarrollando nuestro m\u00e9todo \u00fanico en clases de nataci\u00f3n para beb\u00e9s, ni\u00f1os, j\u00f3venes y adultos, el cual nos convierte en el mejor lugar para aprender a nadar.\",\"publisher\":{\"@id\":\"https:\/\/www.ccnatacion.com\/storage_prov\/#organization\"},\"potentialAction\":[{\"@type\":\"SearchAction\",\"target\":{\"@type\":\"EntryPoint\",\"urlTemplate\":\"https:\/\/www.ccnatacion.com\/storage_prov\/?s={search_term_string}\"},\"query-input\":{\"@type\":\"PropertyValueSpecification\",\"valueRequired\":true,\"valueName\":\"search_term_string\"}}],\"inLanguage\":\"es\"},{\"@type\":\"Organization\",\"@id\":\"https:\/\/www.ccnatacion.com\/storage_prov\/#organization\",\"name\":\"Club Ca\u00f1ada Nataci\u00f3n\",\"url\":\"https:\/\/www.ccnatacion.com\/storage_prov\/\",\"logo\":{\"@type\":\"ImageObject\",\"inLanguage\":\"es\",\"@id\":\"https:\/\/www.ccnatacion.com\/storage_prov\/#\/schema\/logo\/image\/\",\"url\":\"https:\/\/www.ccnatacion.com\/storage_prov\/wp-content\/uploads\/2021\/01\/Logo-color-min.png\",\"contentUrl\":\"https:\/\/www.ccnatacion.com\/storage_prov\/wp-content\/uploads\/2021\/01\/Logo-color-min.png\",\"width\":488,\"height\":75,\"caption\":\"Club Ca\u00f1ada Nataci\u00f3n\"},\"image\":{\"@id\":\"https:\/\/www.ccnatacion.com\/storage_prov\/#\/schema\/logo\/image\/\"}}]}<\/script>\n<!-- \/ Yoast SEO plugin. -->","yoast_head_json":{"title":"Pol\u00edtica de privacidad - Club Ca\u00f1ada Nataci\u00f3n","robots":{"index":"index","follow":"follow","max-snippet":"max-snippet:-1","max-image-preview":"max-image-preview:large","max-video-preview":"max-video-preview:-1"},"canonical":"https:\/\/www.ccnatacion.com\/storage_prov\/politica-privacidad\/","og_locale":"es_MX","og_type":"article","og_title":"Pol\u00edtica de privacidad - Club Ca\u00f1ada Nataci\u00f3n","og_url":"https:\/\/www.ccnatacion.com\/storage_prov\/politica-privacidad\/","og_site_name":"Club Ca\u00f1ada Nataci\u00f3n","article_modified_time":"2023-03-08T23:02:45+00:00","twitter_card":"summary_large_image","schema":{"@context":"https:\/\/schema.org","@graph":[{"@type":"WebPage","@id":"https:\/\/www.ccnatacion.com\/storage_prov\/politica-privacidad\/","url":"https:\/\/www.ccnatacion.com\/storage_prov\/politica-privacidad\/","name":"Pol\u00edtica de privacidad - Club Ca\u00f1ada Nataci\u00f3n","isPartOf":{"@id":"https:\/\/www.ccnatacion.com\/storage_prov\/#website"},"datePublished":"2021-01-30T00:43:39+00:00","dateModified":"2023-03-08T23:02:45+00:00","breadcrumb":{"@id":"https:\/\/www.ccnatacion.com\/storage_prov\/politica-privacidad\/#breadcrumb"},"inLanguage":"es","potentialAction":[{"@type":"ReadAction","target":["https:\/\/www.ccnatacion.com\/storage_prov\/politica-privacidad\/"]}]},{"@type":"BreadcrumbList","@id":"https:\/\/www.ccnatacion.com\/storage_prov\/politica-privacidad\/#breadcrumb","itemListElement":[{"@type":"ListItem","position":1,"name":"Inicio","item":"https:\/\/www.ccnatacion.com\/storage_prov\/"},{"@type":"ListItem","position":2,"name":"Pol\u00edtica de privacidad"}]},{"@type":"WebSite","@id":"https:\/\/www.ccnatacion.com\/storage_prov\/#website","url":"https:\/\/www.ccnatacion.com\/storage_prov\/","name":"Club Ca\u00f1ada Nataci\u00f3n","description":"Escuela de Nataci\u00f3n Club Ca\u00f1ada. Con m\u00e1s de 20 a\u00f1os de experiencia desarrollando nuestro m\u00e9todo \u00fanico en clases de nataci\u00f3n para beb\u00e9s, ni\u00f1os, j\u00f3venes y adultos, el cual nos convierte en el mejor lugar para aprender a nadar.","publisher":{"@id":"https:\/\/www.ccnatacion.com\/storage_prov\/#organization"},"potentialAction":[{"@type":"SearchAction","target":{"@type":"EntryPoint","urlTemplate":"https:\/\/www.ccnatacion.com\/storage_prov\/?s={search_term_string}"},"query-input":{"@type":"PropertyValueSpecification","valueRequired":true,"valueName":"search_term_string"}}],"inLanguage":"es"},{"@type":"Organization","@id":"https:\/\/www.ccnatacion.com\/storage_prov\/#organization","name":"Club Ca\u00f1ada Nataci\u00f3n","url":"https:\/\/www.ccnatacion.com\/storage_prov\/","logo":{"@type":"ImageObject","inLanguage":"es","@id":"https:\/\/www.ccnatacion.com\/storage_prov\/#\/schema\/logo\/image\/","url":"https:\/\/www.ccnatacion.com\/storage_prov\/wp-content\/uploads\/2021\/01\/Logo-color-min.png","contentUrl":"https:\/\/www.ccnatacion.com\/storage_prov\/wp-content\/uploads\/2021\/01\/Logo-color-min.png","width":488,"height":75,"caption":"Club Ca\u00f1ada Nataci\u00f3n"},"image":{"@id":"https:\/\/www.ccnatacion.com\/storage_prov\/#\/schema\/logo\/image\/"}}]}},"_links":{"self":[{"href":"https:\/\/www.ccnatacion.com\/storage_prov\/wp-json\/wp\/v2\/pages\/3","targetHints":{"allow":["GET"]}}],"collection":[{"href":"https:\/\/www.ccnatacion.com\/storage_prov\/wp-json\/wp\/v2\/pages"}],"about":[{"href":"https:\/\/www.ccnatacion.com\/storage_prov\/wp-json\/wp\/v2\/types\/page"}],"author":[{"embeddable":true,"href":"https:\/\/www.ccnatacion.com\/storage_prov\/wp-json\/wp\/v2\/users\/8"}],"replies":[{"embeddable":true,"href":"https:\/\/www.ccnatacion.com\/storage_prov\/wp-json\/wp\/v2\/comments?post=3"}],"version-history":[{"count":2,"href":"https:\/\/www.ccnatacion.com\/storage_prov\/wp-json\/wp\/v2\/pages\/3\/revisions"}],"predecessor-version":[{"id":3802,"href":"https:\/\/www.ccnatacion.com\/storage_prov\/wp-json\/wp\/v2\/pages\/3\/revisions\/3802"}],"wp:attachment":[{"href":"https:\/\/www.ccnatacion.com\/storage_prov\/wp-json\/wp\/v2\/media?parent=3"}],"curies":[{"name":"wp","href":"https:\/\/api.w.org\/{rel}","templated":true}]}}